is the millions digit of 2255290?
2
What is the hundreds digit of 73008?
0
What is the millions digit of 2720356?
2
What is the thousands digit of 5849687?
9
What is the hundreds digit of 750755?
7
What is the ten thousands digit of 564663?
6
What is the hundreds digit of 113868?
8
What is the thousands digit of 395759?
5
What is the tens digit of 118448?
4
What is the hundreds digit of 208649?
6
What is the millions digit of 6585632?
6
What is the hundred thousands digit of 2427126?
4
What is the tens digit of 16376834?
3
What is the tens digit of 458731?
3
What is the hundred thousands digit of 1781076?
7
What is the hundreds digit of 1044851?
8
What is the thousands digit of 53635?
3
What is the hundreds digit of 401509?
5
What is the ten thousands digit of 4076936?
7
What is the ten thousands digit of 73436?
7
What is the hundreds digit of 106145?
1
What is the units digit of 180099?
9
What is the thousands digit of 233142?
3
What is the millions digit of 8125885?
8
What is the tens digit of 25925757?
5
What is the hundred thousands digit of 6796947?
7
What is the millions digit of 2003202?
2
What is the units digit of 8751211?
1
What is the ten thousands digit of 1186158?
8
What is the ten millions digit of 22598279?
2
What is the hundred thousands digit of 632893?
6
What is the hundreds digit of 174542?
5
What is the hundreds digit of 676419?
4
What is the thousands digit of 573933?
3
What is the ten thousands digit of 2078946?
7
What is the hundred thousands digit of 1358941?
3
What is the millions digit of 1585507?
1
What is the ten millions digit of 13790701?
1
What is the hundred thousands digit of 388399?
3
What is the tens digit of 3040059?
5
What is the units digit of 28234599?
9
What is the thousands digit of 1616014?
6
What is the tens digit of 4547000?
0
What is the ten thousands digit of 26104087?
0
What is the hundreds digit of 14335564?
5
What is the hundreds digit of 651719?
7
What is the thousands digit of 171379?
1
What is the ten thousands digit of 342104?
4
What is the millions digit of 5508008?
5
What is the thousands digit of 12334180?
4
What is the tens digit of 847952?
5
What is the hundreds digit of 885667?
6
What is the ten thousands digit of 684993?
8
What is the tens digit of 387846?
4
What is the thousands digit of 3709835?
9
What is the ten thousands digit of 635601?
3
What is the tens digit of 97?
9
What is the thousands digit of 222053?
2
What is the thousands digit of 6622277?
2
What is the hundreds digit of 212991?
9
What is the hundred thousands digit of 637240?
6
What is the thousands digit of 4240523?
0
What is the units digit of 770734?
4
What is the hundreds digit of 200778?
7
What is the hundreds digit of 22490991?
9
What is the hundred thousands digit of 218397?
2
What is the hundred thousands digit of 101629?
1
What is the hundred thousands digit of 1747597?
7
What is the hundred thousands digit of 1220925?
2
What is the hundred thousands digit of 950433?
9
What is the units digit of 1041879?
9
What is the ten thousands digit of 832647?
3
What is the ten thousands digit of 192050?
9
What is the millions digit of 6005315?
6
What is the tens digit of 381203?
0
What is the ten thousands digit of 162020?
6
What is the units digit of 2938718?
8
What is the ten millions digit of 12722110?
1
What is the hundred thousands digit of 1711749?
7
What is the units digit of 459763?
3
What is the ten thousands digit of 12563690?
6
What is the hundred thousands digit of 166106?
1
What is the thousands digit of 145043?
5
What is the thousands digit of 96518?
6
What is the hundreds digit of 19766330?
3
What is the millions digit of 4104033?
4
What is the hundreds digit of 9949121?
1
What is the units digit of 30412602?
2
What is the tens digit of 1526614?
1
What is the hundred thousands digit of 1687519?
6
What is the hundreds digit of 2189254?
2
What is the thousands digit of 2503336?
3
What is the hundred thousands digit of 1161935?
1
What is the units digit of 173904?
4
What is the ten thousands digit of 1429109?
2
What is the hundred thousands digit of 10507316?
5
What is the hundred thousands digit of 1760431?
7
What is the tens digit of 820639?
3
What is the tens digit of 53444?
4
What is the thousands digit of 2666646?
6
What is the ten millions digit of 19990751?
1
What is the hundred thousands digit of 5732615?
7
What is the units digit of 1372121?
1
What is the hundreds digit of 2985384?
3
What is the hundred thousands digit of 5351177?
3
What is the thousands digit of 16061212?
1
What is the tens digit of 50008?
0
What is the thousands digit of 2067858?
7
What is the ten thousands digit of 805793?
0
What is the hundreds digit of 5301213?
2
What is the hundred thousands digit of 557776?
5
What is the thousands digit of 75196?
5
What is the ten thousands digit of 774650?
7
What is the ten thousands digit of 1714978?
1
What is the ten thousands digit of 1539986?
3
What is the thousands digit of 3634047?
4
What is the ten thousands digit of 2197864?
9
What is the units digit of 1522161?
1
What is the tens digit of 293069?
6
What is the units digit of 164661?
1
What is the millions digit of 1790260?
1
What is the hundred thousands digit of 601913?
6
What is the ten thousands digit of 131366?
3
What is the ten thousands digit of 2639911?
3
What is the hundreds digit of 50250?
2
What is the tens digit of 2149906?
0
What is the hundreds digit of 172988?
9
What is the thousands digit of 610403?
0
What is the thousands digit of 9354?
9
What is the thousands digit of 1853134?
3
What is the hundred thousands digit of 2430603?
4
What is the tens digit of 5818474?
7
What is the hundred thousands digit of 495126?
4
What is the millions digit of 3362318?
3
What is the thousands digit of 19539332?
9
What is the units digit of 472973?
3
What is the ten thousands digit of 3554793?
5
What is the hundred thousands digit of 4434362?
4
What is the hundreds digit of 17314311?
3
What is the tens digit of 377147?
4
What is the hundred thousands digit of 20570689?
5
What is the hundred thousands digit of 393556?
3
What is the units digit of 6820656?
6
What is the thousands digit of 46201?
6
What is the tens digit of 8616783?
8
What is the ten thousands digit of 2978145?
7
What is the tens digit of 18890232?
3
What is the millions digit of 13271305?
3
What is the hundred thousands digit of 23045661?
0
What is the hundred thousands digit of 11198032?
1
What is the units digit of 4207416?
6
What is the ten thousands digit of 381548?
8
What is the hundred thousands digit of 280117?
2
What is the units digit of 589837?
7
What is the tens digit of 398363?
6
What is the tens digit of 655422?
2
What is the units digit of 145441?
1
What is the hundred thousands digit of 4843429?
8
What is the ten thousands digit of 3913548?
1
What is the ten thousands digit of 2544469?
4
What is the tens digit of 186178?
7
What is the hundreds digit of 335438?
4
What is the units digit of 5506120?
0
What is the hundreds digit of 12493204?
2
What is the ten thousands digit of 2602015?
0
What is the ten millions digit of 20916646?
2
What is the thousands digit of 41607?
1
What is the thousands digit of 931974?
1
What is the ten thousands digit of 682203?
8
What is the thousands digit of 1638298?
8
What is the units digit of 33353734?
4
What is the hundreds digit of 15477713?
7
What is the units digit of 958512?
2
What is the millions digit of 1516186?
1
What is the hundred thousands digit of 2091309?
0
What is the ten thousands digit of 584593?
8
What is the hundred thousands digit of 1247249?
2
What is the hundred thousands digit of 967832?
9
What is the tens digit of 2286990?
9
What is the hundreds digit of 16421?
4
What is the tens digit of 409380?
8
What is the hundreds digit of 695976?
9
What is the hundred thousands digit of 487214?
4
What is the ten thousands digit of 2965956?
6
What is the hundreds digit of 87345?
3
What is the tens digit of 5047002?
0
What is the units digit of 2517016?
6
What is the ten thousands digit of 477108?
7
What is the tens digit of 33798909?
0
What is the units digit of 216391?
1
What is the ten thousands digit of 938684?
3
What is the ten millions digit of 37051497?
3
What is the units digit of 3419802?
2
What is the 